?
True
Let r(h) = 102*h**2 - h + 2. Let m be -3*(-4)/9 + (-8)/24. Is r(m) a prime number?
True
Let h(w) = -w**2. Let l be h(-2). Let r be (-646)/l*(2 - 0). Let s = r + -160. Is s a composite number?
False
Let x(h) = -16*h + 12 + 11 - 4. Let o be ((-30)/12)/(-2 + (-9)/(-4)). Is x(o) prime?
True
Is ((-6094560)/28)/(-20) - 2/14 a prime number?
True
Let j(v) = -v**2 + 8*v - 8. Let c be j(6). Suppose 3*b = b - 3*k + 407, c*b = -3*k + 811. Is b prime?
False
Let w be 15/(-3) + 2/(-6)*-3. Is 1/w + (-1 - (-20091)/12) a composite number?
True
Let h = 16 + -14. Suppose -h*n = -4*n + 638. Is n prime?
False
Suppose j = w + 10, -4*w - w + j - 34 = 0. Let t be (8/w)/(4/(-834)). Suppose -t = -0*x - 2*x. Is x prime?
True
Let f(d) = d**2 + 9*d + 11. Let m be f(-8). Is 1*m + 0 + -6 + 1250 prime?
False
Let m(s) = 5*s**3 - 30*s**2 - 30*s + 21. Is m(22) a composite number?
True
Let w = 63 - 33. Let j = w - -79. Is j composite?
False
Let y = -2832 - -5779. Let n = 4656 - y. Is n a prime number?
True
Suppose -66 = -3*j - 3*v, 3*v - 87 = -4*j - 0*j. Let w = j - 36. Let x(z) = -22*z + 7. Is x(w) a prime number?
True
Let s(g) = 21*g**2 + 12*g - 5. Is s(-6) composite?
True
Let x(p) = -p**2 - 3*p + 4. Let s be x(-4). Let h be (-3 - 2) + 7 + 2. Suppose 0 = h*f - 8 - s. Is f prime?
True
Let k be (5 - 52/12)*21*244. Let p = -2301 + k. Is p prime?
False
Is (28563 - 1)/(-15*(-28)/210) a prime number?
True
Let t = 61 + -56. Suppose 5*o - 793 = -0*k - 3*k, -4*k = -t*o + 786. Is o a prime number?
False
Suppose 0 = 2*s - u - 10454, -3*u - 3 = 9. Suppose 0 = 11*b - 20614 + s. Is b prime?
True
Suppose -13373 = -4*b + 4175. Is b prime?
False
Let i = 0 + 2. Suppose -i*n + 1255 = -a, n + 0*a = 4*a + 631. Let b = 878 - n. Is b a prime number?
True
Let w = -10117 + -1002. Let c = 20054 + w. Is c a composite number?
True
Suppose -2*n = -4*n - 2*k + 18210, 0 = -4*k + 8. Is n a prime number?
True
Suppose 2*m = -1 + 65. Let f be m*6/(6/3). Let a = 135 - f. Is a a prime number?
False
Suppose -6*u - 3*x - 18012 = -9*u, -3*u - 5*x = -18020. Is u a composite number?
True
Suppose -3*r = 3*b - 81, 27 + 44 = 3*r + 5*b. Suppose 5*d + 4*i - 149 = -r, -3*i + 94 = 4*d. Is d composite?
True
Suppose d + 896 = 5*y - 0*d, -4*y - 2*d + 728 = 0. Let m be ((-141)/9)/((-1)/21). Let i = m - y. Is i prime?
True
Let i(r) = -r**2 + 13*r - 12. Let v be i(12). Suppose 3*t = f - v*t - 1079, -5395 = -5*f + t. Is f a prime number?
False
Let z = -139 - -213. Is z a prime number?
False
Suppose 353*x - 347*x - 139254 = 0. Is x a composite number?
False
Is 1/(10 + (-594846)/59486) composite?
True
Let m(k) = 2*k**2 - k - 1. Let z be m(2). Suppose -z*a - 2*s = 916, -a - 4*s - 194 = -0*s. Is a/(-6) + (-18)/(-27) a composite number?
False
Let n be ((-9)/18)/((-2)/20404). Suppose -n = 5*w + 4809. Let y = -795 - w. Is y composite?
False
Let a be ((-150)/90)/(5/(-9)). Suppose 11219 = 13*y - 8*y - 4*p, -5*p + 6724 = a*y. Is y a prime number?
True
Let i = -33650 - -54651. Is i composite?
False
Suppose 23*q = -7*q + 624210. Is q composite?
False
Is (199292/(-10))/(22/(-55)) a prime number?
True
Let a(m) = 67*m**3 - m**2 - 8*m - 3. Let j = 15 - 11. Let n(d) = 135*d**3 - 2*d**2 - 17*d - 6. Let o(i) = j*n(i) - 9*a(i). Is o(-2) prime?
True
Let s(h) = -64*h. Let p be s(-1). Let v be 51/2 + 2/4. Let d = p - v. Is d a composite number?
True
Let z(v) = -v**3 + 10*v**2 + 12*v - 7. Let c be z(11). Suppose -448 = -4*y - 6*h + 4*h, 3*y - 346 = -c*h. Suppose -3*n + y = -n. Is n prime?
False
Suppose -w = 2*j - 5*j + 10, 5*w - 5*j = -40. Let m = w + 9. Suppose 3*r - 1547 = -2*z, -6*z = -5*r - m*z + 2615. Is r composite?
True
Suppose 0 = 7*f - 9*f + 1726. Is f prime?
True
Let x = 52 + 60. Suppose a - x = -3*z, z + a - 40 = -2*a. Is z a composite number?
False
Let h(u) = -u**2 - u + 6. Let v be h(2). Suppose -5*c - 2*n + 2667 = v, 4*c = -3*n - n + 2124. Is c composite?
True
Let s(l) = 4438*l**2 - 198*l + 1. Is s(-3) a prime number?
False
Suppose 4*n - 11675 = -n - 2*j, -2*j = -10. Is n composite?
False
Let p(s) = 14*s**2 - 33*s + 67. Is p(-24) a composite number?
False
Let c(i) = 232*i**2 - 14*i + 3. Is c(7) prime?
True
Suppose -93955 = -11*z + 260058. Is z a prime number?
True
Let d = -13 - -15. Is ((-27)/45)/(d/(-2770)) composite?
True
Suppose 5*g = 107514 + 46616. Is g a prime number?
False
Suppose 612 - 3682 = -5*m. Suppose 0 = -2*p - 2*j + m, j + 1228 = p + 3*p. Is p prime?
True
Is (-6)/48*2 + (-107775)/(-12) a composite number?
True
Let w(n) = 12*n - 9. Let h be w(1). Is ((-2 + h)*3)/((-24)/(-7352)) a prime number?
True
Let h be (-4)/3 + (-286)/78. Let p(m) = -28*m - 3 - 2 - 2. Is p(h) composite?
True
Suppose 7*b - 4687 + 186 = 0. Let j = b - -1090. Is j prime?
True
Let l(n) = 2*n**3 - 6*n**2 + 3*n + 2. Let s(a) = -3*a**3 + 11*a**2 - 6*a - 5. Let q(w) = 5*l(w) + 3*s(w). Let f be q(-3). Is 337 + 3 + -7 + f a prime number?
True
Let m = 1024 - -52. Let s(g) = -g**3 - 5*g**2 + 25*g - 1. Let h be s(8). Let b = m + h. Is b a composite number?
False
Let v(r) be the third derivative of 1/2*r**4 - 1/60*r**5 + 7/6*r**3 + 0*r + 2*r**2 + 0. Is v(9) a prime number?
False
Suppose -5*x + 20 = 0, 3*q = -5*x - 6358 + 16407. Is q a composite number?
False
Suppose -3*j = -b + 45, 5*j = b + 6*j - 33. Suppose u - b = -11. Suppose -u = -6*d + 179. Is d a prime number?
False
Let g = -20 - -24. Suppose g*p - 1150 = 2*p - b, -5*p - 2*b = -2873. Is p composite?
True
Is (-29611 + -2)*(-6)/18 + 0 composite?
False
Let d be (4 - 592/7)*-70. Suppose d = 4*c + 2*p, -3*c + 3*p - 2*p + 4225 = 0. Is c a composite number?
False
Let y = 40 + -38. Suppose -y*m = -5*m + 3573. Is m prime?
False
Let n be 3/(-9)*(-6)/2. Let p be (-10 + 2)/(n + -3). Let x(g) = 4*g**3 - 6*g**2 + g - 3. Is x(p) a prime number?
False
Let n = 1518 + -641. Is n prime?
True
Suppose 11*m - 2242093 = -38*m. Is m composite?
False
Is -3 + 4 + 18059 - 7 prime?
False
Let b = -5978 + 12367. Is b a prime number?
True
Let b(z) = -24569*z + 169. Is b(-2) a prime number?
True
Let s be (2/4)/((-1)/(-10)). Suppose -7 = 4*t + 3*c, -t = -s*c - 32 + 5. Suppose 0 = -t*v - 0*v + 110. Is v a prime number?
False
Let m(r) = r**3 + 4*r**2 - 7*r - 1. Let j be m(-5). Is (-30)/j*177/(-2) composite?
True
Let b(z) = -3 + 0 + 0*z - z. Let w be b(-6). Suppose -w*a - 129 = -360. Is a prime?
False
Suppose 5*l - 30 = -5. Let s = 8 - l. Suppose s*c - 3556 = -c. Is c prime?
False
Let t(x) = 2*x**2 - 3*x - 8. Suppose -5*b - 2*l = -9*b + 116, 3*b - 2*l - 89 = 0. Let j = b - 18. Is t(j) a composite number?
False
Let u = 28489 + -6068. Is u prime?
False
Suppose -3*r + 5 + 1 = 0. Let g = 17 + -14. Suppose -g*s + 433 = 3*q + r*s, 0 = -q + 2*s + 137. Is q composite?
True
Let r(z) = -z**2 - 10*z + 11. Let v be r(-5). Suppose 0 = -2*m - 2*m + v. Let n(p) = 4*p + 1. Is n(m) a composite number?
False
Is -239738*9/(-12)*28/42 a prime number?
True
Let z = 52 - 49. Suppose -279 = z*k - 12*k. Is k composite?
False
Let y be 10/(-3)*33/(-22). Suppose -o + 31 = -y*r + 1, 10 = -2*o - 4*r. Suppose o*w + 5*c = 3370, 0 = c - 0 + 5. Is w a prime number?
False
Let n(o) be the third derivative of 139*o**4/12 - 5*o**3/6 - 18*o**2. Is n(7) composite?
True
Is (-2)/(-4)*525112/28 prime?
True
Suppose -9 = -2*f - 4*r + 7, -4*f + 8 = -4*r. Suppose -f*t = -10*t + 738. Is t prime?
False
Let r(o) = 16*o**2 - 8*o. Let l be r(10). Suppose 172 = -4*s + l. Suppose -4*y = 3*d - 607, 3*d - 5*y - s - 315 = 0. Is d a composite number?
True
Suppose -20304 = -17*c - 6959. Suppose 0 = 2*b - 3529 - c. Is b a prime number?
False
Let m(n) = -n**3 - 7*n**2 + n + 10. Suppose -4*h - 35 = h. Let p be m(h). Suppose -p*b + 5*b = 66. Is b prime?
False
Let z(f) = -6*f**3 + 4*f**2 + 4*f + 3. Let a be z(-2). Suppose 5*d - 296 - a = 0. Is d a prime number?
True
Suppose -14*g - 32034 = -20*g. Is g a prime number?
False
Suppose -3*p - 21 = 4*z, -5*p + 27 = -4*z - 2. Let k(w) = -2*w**3 - 10*w**2 - 10*w + 1. Is k(z) composite?
True
Let g be 295 + 0/((-9)/3). Suppose -2*j = -g - 211. Let c = -30 + j. Is c composite?
False
Let v be 2*((-6)/(-4) - 1) - -1. Suppose 2*h = 3*h. Suppose -2*w + 0*w = -q - 193, 2*q - v = h. Is w a prime number?
True
Let a = -5 - -1. Let z be (-34)/a - 3/6. Is (-2)/z - 93/(-4) a prime number?
True
Suppose -3*c + 9 = -2*c. Suppose 14*k = c*k + 8105. Is k prime?
True
Let t = 9 